+ -11. Let p be 4*9/12 - 1. Suppose 0 = 5*y - 3*z - 70, 5*z - 70 = -r*y + p*y. Calculate the highest common factor of 154 and y.
14
Let t be (-792)/(-81) + 2/9. Let j(l) = 2*l + 22. Let g be j(t). What is the greatest common factor of g and 6?
6
Suppose -5*i + 0*i - 596 = -2*v, 3*v = 3*i + 876. Calculate the greatest common divisor of 204 and v.
12
Let g be (-258)/(-42) - -2 - (-2)/(-14). Suppose -3*k + 4*h = -g*k + 94, -2*k + h = -35. Calculate the greatest common factor of 72 and k.
18
Suppose -16 = -5*f + i + 21, 5*i + 9 = 3*f. Suppose 0 = -f*k + 3*k, 3*s + k = 261. Let j = 809 + -780. What is the greatest common divisor of s and j?
29
Let p(a) = -3*a**2 + 69*a - 52. Let i be p(22). Calculate the greatest common divisor of 119 and i.
7
Suppose -2*m - g + 6*g + 22 = 0, -5*m + 2*g + 55 = 0. Let l be (38 - -1) + 125 + -131. Calculate the greatest common factor of m and l.
11
Let x = -74 - -74. Suppose -17*c + 10*c + 168 = x. Calculate the highest common divisor of 42 and c.
6
Suppose -4*w + 140 = 4*r, 27*w - 24*w + 5*r - 103 = 0. Calculate the highest common divisor of 2196 and w.
36
Let u(y) = 16*y - 10. Let z be u(7). Let r = z - 48. Let t(d) = -2*d**3 - 4*d**2. Let a be t(-3). What is the highest common factor of r and a?
18
Let m = 6 + -27. Let h = m - -43. What is the greatest common factor of 2 and h?
2
Let b(a) = -5*a**2 - 2*a - 1. Let k be b(3). Let n = 97 + k. What is the highest common divisor of 5 and n?
5
Suppose 0 = -19*k + 161 + 124. What is the highest common divisor of 3 and k?
3
Suppose 14*h = 13*h + 4. Suppose h*a + 2*s + s - 55 = 0, -2*a + 15 = -s. What is the greatest common factor of a and 20?
10
Let w = 276 - 119. Suppose -3*b = -2*t + 4*t - 81, 0 = -4*t - b + w. Calculate the greatest common divisor of t and 13.
13
Let v(q) = 2*q + 4. Let s be v(7). Let n = s + -18. Let f be 3/(n - 6/(-128)). What is the highest common divisor of f and 16?
16
Let b be (6 - 7)/(1/18). Let c(v) = v**3 + 20*v**2 + 24*v - 18. Let y be c(b). Calculate the highest common divisor of y and 18.
18
Suppose 830*n - 825*n = 40. Let j be (-1 - -3)/(-1)*86. Let m = -84 - j. What is the greatest common factor of n and m?
8
Let h = -56 + 59. Suppose -h*n + 33 = 2*j, -3*n + 0*j + 33 = j. Calculate the highest common divisor of n and 77.
11
Let r(s) = 3*s - 4. Let n be r(3). Suppose -n*l + 832 = -4*l. Suppose -l + 112 = -6*v. What is the highest common divisor of v and 15?
15
Let h = 11 + -10. Let x be 18/(-15) + 2/10. Let g be (-10 - -23) + x/h. Calculate the greatest common factor of 30 and g.
6
Let b(t) = -473*t**3 + 4*t - 3 + 471*t**3 + 5 - 2*t**2. Let z be b(-3). What is the highest common factor of z and 104?
26
Let o(l) = 36*l - 164. Let t be o(8). What is the greatest common divisor of 434 and t?
62
Suppose -8*a = -17 - 15. Suppose 2*j + 1 = -5*f, 3*j - j - f = 17. Let v be (1 - -3)*j/28. Calculate the highest common factor of v and a.
1
Let m(q) = 2*q**3 + 10*q**2 - q + 3. Suppose 5*w + 0*t = t - 25, 2*w - 3*t + 10 = 0. Let v be m(w). What is the highest common factor of v and 72?
8
Let f = 456 + -46. What is the greatest common divisor of 30 and f?
10
Let t = 233 + -153. Suppose t = 3*u - 2*u. Let p = -111 - -131. Calculate the highest common factor of u and p.
20
Let a = -7 + 13. Let s(o) = -29*o + 1529. Let k be s(52). Calculate the greatest common divisor of a and k.
3
Let x be 8/(-1 + -3) + 4. Suppose 2*a + x*g - 17 = 47, 0 = -5*g + 10. Let j be ((-15)/4)/((-2)/48). What is the highest common divisor of j and a?
30
Let n be (255/10)/(0 + 1/2). Calculate the greatest common divisor of n and 204.
51
Let s be (-8 + 3)*(-4)/(-5). Let h be 7 + s + 10 + -2. Let o be (-11)/((-34)/16 - -2). What is the greatest common factor of h and o?
11
Let g = -11 - -14. Suppose -2*p + 3*p - g = -t, -3*p = -2*t - 9. Let m be ((-36)/(-30))/(p/50). What is the highest common factor of m and 120?
20
Let g = 1462 + -1247. Calculate the greatest common divisor of 473 and g.
43
Suppose 3*d - 2*d = -g + 270, 0 = d + 4*g - 264. Calculate the greatest common factor of d and 32.
16
Let s(d) = 6 + 7 + 13*d - 5. Let p be s(4). What is the greatest common divisor of p and 12?
12
Let g(a) = -a**3 - 5*a - 2. Suppose 5*b = 9*b. Suppose -q + b*q = 3. Let y be g(q). What is the highest common divisor of 20 and y?
20
Let j be 24/108 - (-34)/9. Suppose -j = 4*f - 4*v - 104, -4*v - 56 = -2*f. What is the highest common factor of 88 and f?
22
Suppose 2*h - 2 - 2 = 0, -2*r + 8 = h. Suppose -w + 79 = -49. Suppose -w = -r*x + 481. Calculate the greatest common divisor of x and 29.
29
Suppose 10*b + 17 = 9*b. Let z(h) = -h + 34. Let t be z(b). What is the highest common factor of t and 153?
51
Let d(n) = -n**2 + 6*n + 9. Let m be d(7). Suppose -m*j + 5 = -1. Suppose -j*f + 2*f = -20. What is the greatest common divisor of 5 and f?
5
Suppose 0 = a + a - 80. Suppose -36 = -2*d - 8*t + 13*t, 2*d = t + 20. What is the greatest common factor of d and a?
8
Suppose 121*k - 122*k = -19. Suppose -5*t + 96 = 3*h + h, -5*h = -4*t - 79. Calculate the highest common divisor of k and h.
19
Let f(b) = b + b**2 - 3 + 11*b + b**3 - 16*b. Let o be f(3). What is the greatest common divisor of 168 and o?
21
Let j be 11/(-77)*7 - 743/(-1). What is the greatest common divisor of j and 14?
14
Suppose -16*m + 18 = -14. Calculate the highest common factor of m and 145.
1
Suppose 23*m - 880 = 3*m. Let u = -73 + 117. Calculate the greatest common factor of u and m.
44
Let x be (-2 + 0)*630/(-20). Suppose 2*w - 8 = 6. What is the greatest common factor of x and w?
7
Let z be 2668/14 + 8/(-14). What is the highest common divisor of z and 38?
38
Suppose 4*w - 53 = 7. Let s = -811 + 976. Calculate the greatest common factor of w and s.
15
Let d be 4 - (1 - -2) - 0. Let a(r) = 45*r. Let b be a(d). Suppose -b = -j + 198. Calculate the highest common divisor of j and 27.
27
Suppose -2*f = 4*t - 16, -7*f = -2*t - 2*f + 8. Suppose 6*g - g - 45 = -3*b, -5*g + t*b = -80. What is the greatest common divisor of 8 and g?
4
Suppose -41 = 3*l - 116. What is the greatest common divisor of 225 and l?
25
Let u be (-2 + -3 + 3)*1. Let o(k) = 2*k**2 + k - 3. Let t be o(u). Calculate the greatest common factor of 3 and t.
3
Suppose 0 = 4*l - 43 + 147. Let n = l + 35. Calculate the greatest common factor of 81 and n.
9
Let r(c) be the first derivative of -c**3/3 - 27*c**2/2 + 10*c + 16. Let i be r(-22). Calculate the greatest common divisor of i and 80.
40
Suppose 0 = -4*y + 2*v + 352 - 122, 5*y = -4*v + 268. Calculate the greatest common divisor of y and 42.
14
Suppose 0 = 66*y + 1896 - 33972. What is the greatest common divisor of y and 54?
54
Suppose -9*r + 33 = -57. Let c(a) = -a**3 - 4*a**2 + 2*a - 7. Let t be c(-5). What is the highest common divisor of t and r?
2
Suppose -941 = -2*t + 151. Calculate the greatest common divisor of 84 and t.
42
Suppose 0 = 2*n - 7*n + 2*t + 220, 0 = 2*n - 2*t - 82. What is the highest common divisor of 598 and n?
46
Let h be 135/27 - 3*-4. Calculate the greatest common factor of h and 2.
1
Suppose 7*v + 46 = 781. What is the highest common divisor of v and 42?
21
Let s(o) = -80*o + 18. Let r be s(-1). What is the highest common divisor of 126 and r?
14
Let n = 70 - 49. Suppose 4*g = -0*g - 4*w + 44, 3*g + w = 39. Calculate the highest common divisor of g and n.
7
Suppose 3*v - 3*a = 147, -5*a - 76 = -3*v + 79. Let f(g) = -g**2 - 15*g - 9. Let z be f(-14). What is the greatest common factor of v and z?
5
Let u = -10 + 12. Let z be (12/u)/(3/98). Suppose z - 31 = 5*b. What is the highest common factor of b and 22?
11
Suppose -g + 2*u + 401 = 0, 77 = -g + 5*u + 481. Calculate the highest common factor of g and 21.
21
Let i(l) = 4*l - 4. Let w be i(7). Let m = 6 + -3. Suppose -7*x = -3*x - m*c - 252, -5*x + 304 = -c. What is the highest common divisor of w and x?
12
Let a(w) = 8*w**2 - 5*w + 3. Suppose -2*j - p - 15 = 3*j, 36 = -4*j + 4*p. Let u be a(j). Let q = 371 - u. Calculate the highest common divisor of q and 22.
22
Let s(f) = 12*f + 65. Let j be s(-5). Calculate the highest common divisor of j and 65.
5
Suppose 0 = -3*v - 5 + 11. Suppose v*t + 588 = 4*t. Suppose -3*b + t = 78. What is the highest common factor of 8 and b?
8
Suppose 5*j + 2 - 32 = -4*k, 2*j + 6 = 2*k. Suppose 3*g - 3*o = -4